e -4*i + 77 = -3. Let n = 19 - 12. Calculate the remainder when i is divided by n.
6
Let m be ((-40)/(-3) - -1)*-3. Let n be -1 + m - (-3 - -1). Let o = n + 73. What is the remainder when o is divided by 11?
9
Let d(c) = -c**3 + 3*c**2 + c - 9. Calculate the remainder when d(-4) is divided by 1/5 + (-1352)/(-40).
31
Let x(m) = -m + 51. Let d(t) = -t + 76. Let a(c) = 5*d(c) - 7*x(c). Calculate the remainder when (-4 - -1)*2/(-6) is divided by a(-11).
0
Suppose -4*w - w = -95. Suppose 8*y + 55 = 9*y. What is the remainder when y is divided by w?
17
Calculate the remainder when (-144)/64*(-2 - (-20)/(-6)) is divided by 5.
2
Suppose 0 = 3*v + 6 - 99. Calculate the remainder when v is divided by 17.
14
Let v(p) = p**2 + p - 9. What is the remainder when 86 is divided by v(-5)?
9
Suppose 2*c = -0*c. Suppose c*d - d + 4*t = -33, -d + 12 = 3*t. Calculate the remainder when 60 is divided by d.
18
Let u = 9 - 6. Suppose -4*l + 4 = 4*a, 0 = 2*l - 5*l - u. What is the remainder when 6 is divided by a?
0
Let g = 9 - 7. Suppose 1 = -g*k + 3. Calculate the remainder when 2 is divided by k.
0
Calculate the remainder when (-105)/4*5/(35/(-28)) is divided by 27.
24
What is the remainder when (-1 - 0)/(5/(-385)) is divided by 20?
17
Suppose 14 = -x + 3*x - 4*r, 0 = 3*x - 3*r - 36. Let p(c) = c**3 - 3*c**2 + c - 6. What is the remainder when p(5) is divided by x?
15
Let g = 15 - 10. Suppose -6 = -m + g*o, 3*m - 1 = m - o. What is the remainder when m is divided by 1?
0
What is the remainder when 13 is divided by (-2)/8 - 99/(-12)?
5
Suppose 3*b = 21 + 18. Let n = b + -19. Let c = 18 + n. What is the remainder when 34 is divided by c?
10
Suppose -216 = 12*l - 552. Suppose 5*u = 257 + 148. What is the remainder when u is divided by l?
25
Suppose 0 = 2*s + 5*y - 38, -5*s = -y - 65 - 3. Let q(k) = k + 3. Calculate the remainder when s is divided by q(5).
6
Suppose -5*y - 30 + 104 = z, 4*y - 72 = -z. Suppose o + 5*q = 64 - 16, -3*q - z = -o. What is the remainder when o is divided by 15?
13
Let f = 76 + -42. Let b = -14 + 26. Calculate the remainder when f is divided by b.
10
Suppose -4*l + 3*v + 68 = -v, 3 = -v. Let h(a) = 98*a**2 - 3*a - 5. What is the remainder when h(-1) is divided by l?
12
Let s be -4*(39/(-12) - -2). Let u = 11 - s. Suppose 3*j - 24 = -u. Calculate the remainder when 21 is divided by j.
3
Suppose -2*z - 76 = -6*z. Suppose q - 7 = z. What is the remainder when q is divided by 1/(-4) - (-111)/12?
8
Calculate the remainder when 83 is divided by 21 - ((-32)/2)/(-4).
15
Suppose 3*y - b + 75 = 2*b, -y - 2*b - 13 = 0. Calculate the remainder when (-18)/y*(2 + 19) is divided by 5.
3
Suppose 5*l + 45 = 180. Suppose 34 + 26 = 4*p. What is the remainder when l is divided by p?
12
Let b(y) = 2*y**2 - y + 1. Let f(m) = -5*m**2 + 2*m - 4. Let g(o) = 8*b(o) + 3*f(o). Let i be 1/2 + 14/4. Calculate the remainder when 7 is divided by g(i).
3
Let t(h) = -h + 17. Suppose y + 4 = 2, -i = -2*y - 69. Calculate the remainder when i is divided by t(0).
14
What is the remainder when 57 - ((-10)/(-8) - 1/4) is divided by 19?
18
Let l(o) = -o - 10. Let p be l(0). What is the remainder when 7 is divided by ((-8)/(-5))/(p/(-25))?
3
Let z = 29 + -18. Let m = 17 - z. What is the remainder when 17 is divided by m?
5
Let u(g) = -2*g - 33. Calculate the remainder when 42 is divided by u(-22).
9
Suppose -3*m = 75 - 252. Suppose m = 2*f - 39. What is the remainder when f is divided by 17?
15
Let l(g) = -4*g - 1. Let y(a) = -3*a - 1. Let w be y(1). What is the remainder when 29 is divided by l(w)?
14
Let t = -11 - -16. Let o = 7 + -4. Let p(u) = u**3 - 3*u**2 + 2*u + 3. Calculate the remainder when p(o) is divided by t.
4
Let d(l) = -l + 30. What is the remainder when 137 is divided by d(10)?
17
Let k(r) = r**3 + 7*r**2 + 4*r + 8. Let s be k(-6). What is the remainder when 47 is divided by ((-16)/s)/((-1)/30)?
23
Suppose 19 + 61 = 4*h. Let y(z) = z**3 + 8*z**2 - z - 6. Let j be y(-8). Let u(a) = 5*a - 3. What is the remainder when h is divided by u(j)?
6
Let t = 17 + -8. Let z = -5 + t. Let s(w) = 11*w**2 - 2*w - 2. Calculate the remainder when s(-1) is divided by z.
3
Suppose -16 = 82*s - 86*s. What is the remainder when 7 is divided by s?
3
Calculate the remainder when (1 + -2)/((-3)/225) is divided by 7.
5
Let q(z) = 2*z**2 - 5*z - 4. Calculate the remainder when 20 is divided by q(4).
4
Suppose 3*i - 183 + 45 = 0. Let f = 6 + -3. Suppose -f*y + 2*y = -i. Calculate the remainder when y is divided by 16.
14
Let v(x) = -4*x - 8. Let c be v(-4). Suppose 14 = 4*i - 5*q - 35, 0 = 2*i - 4*q - 32. Suppose -2*f - c = -i*f. Calculate the remainder when 3 is divided by f.
1
Let p(r) = -69*r**3 + r**2 + r - 1. Calculate the remainder when p(-1) is divided by 18.
14
Let f(d) = -2*d**2 + 2*d - 1. Let q be f(1). Let n = 2 - q. Calculate the remainder when 7 is divided by n.
1
Suppose -40 = -5*g - h + 1, 0 = 2*g - 3*h - 13. Calculate the remainder when g is divided by 3.
2
Let j be (-1)/(-4) - (-42)/(-8). Let x(z) be the first derivative of -2*z**2 - 6*z - 2. Calculate the remainder when 40 is divided by x(j).
12
Let o = -30 - -76. Suppose 0 = -4*s + 3*v - 54, 4*s + 42 = -3*v. Let a = s + o. Calculate the remainder when a is divided by 12.
10
Let b = 73 + -59. Calculate the remainder when 27 is divided by b.
13
Let h = 22 + -33. Let m = 26 + h. What is the remainder when 27 is divided by m?
12
Let q = -34 - -64. Let i = q - 17. What is the remainder when 50 is divided by i?
11
Let w be 22/5 + 18/(-45). Calculate the remainder when (-2 - -1)/(w/(-320)) is divided by 27.
26
Let a = -37 - -66. Let j(d) be the first derivative of d**3/3 + 19*d**2/2 - 5*d - 2. Calculate the remainder when a is divided by j(-20).
14
Suppose 117 = -c + 10*c. Calculate the remainder when 43 is divided by c.
4
Suppose -2 = -a - 0*a. Let r be (-4)/10 + 26/(-10). Calculate the remainder when (-6)/(r + (-3)/(-3)) is divided by a.
1
Let w = -50 - -81. What is the remainder when w is divided by 4?
3
Let u(w) = -2*w - 8. Let r be u(-7). What is the remainder when 0 - (-5 + r/3) is divided by 3?
0
Suppose 0 = 4*m + 23 - 111. Calculate the remainder when 84 is divided by m.
18
Suppose 0 = 2*i - 5*i + 3. Let b = 57 + -24. Calculate the remainder when b is divided by (-2 - (-20)/i)/2.
6
Let x(t) = -t**3 - 3*t**2 + 5*t - 5. Suppose -5*k + 6 = -2*k. Suppose -k*i + 2 = -p - i, -37 = 5*p + 4*i. What is the remainder when x(p) is divided by 11?
9
Let i = 18 + 17. Let l(x) = -12*x. What is the remainder when i is divided by l(-1)?
11
Suppose -3*n + 11 = 2*y, -1 = 2*n + 4*y - y. Suppose 0 = -c + 4, -2*c + 4 + n = r. Suppose 1 = r*p - 74. What is the remainder when p is divided by 13?
12
Let w(k) = -k**2 + k + 6*k + 2*k**2. Let i be w(-6). Calculate the remainder when 3/i*(-50 - 0) is divided by 9.
7
Suppose -9*c = -0*c - 135. Calculate the remainder when c is divided by 10.
5
Let q = 25 - 10. Calculate the remainder when (1/((-9)/(-6)))/(4/342) is divided by q.
12
Let n(d) = 3*d + 3. Let v(l) = -l. Let t(o) = -n(o) - 5*v(o). Let j(p) = p + 1. Let y(a) = -5*j(a) + t(a). Calculate the remainder when y(-6) is divided by 4.
2
Let k(a) = -5*a**2 + 4*a**2 + 1 - 2 + 7*a. Let g be k(5). What is the remainder when g/(-3)*15/(-9) is divided by 2?
1
Suppose 3*t + 4*u + 3 + 31 = 0, t + 2*u = -12. What is the remainder when (-20)/6*15/t is divided by 4?
1
Let z(r) = 15*r**3 - r**2 + 2*r - 2. What is the remainder when 27 is divided by z(1)?
13
Suppose 27 = -5*c + 107. What is the remainder when c is divided by 10?
6
Suppose -158 = c - 3*c. What is the remainder when c is divided by 9?
7
Let g = -109 - -160. Calculate the remainder when g is divided by 18.
15
Calculate the remainder when 10 is divided by 7*3/(4 - 1).
3
Let j be (-1)/(1/(-1)) - 3. Let m be j/(-8) + 198/8. Let y = m + -13. What is the remainder when 35 is divided by y?
11
Let m = 4 + 49. Calculate the remainder when m is divided by 8.
5
Let v = -7 + 2. Calculate the remainder when (28/v + 2)*-5 is divided by 10.
8
Suppose -y + 0*y = 4*q - 35, -5*y + 4*q = -55. Suppose 4*z + y = 51. Calculate the remainder when 14 + 4 + 1*-2 is divided by z.
7
Let l(o) = 4*o + 8. Let m be l(-5). What is the remainder when (-2)/(-4) - (-21)/2 is divided by ((-20)/m - 1)*6?
3
Let i be 24/6 - (1 + 0)